{"id":290,"date":"2018-11-09T16:38:55","date_gmt":"2018-11-09T15:38:55","guid":{"rendered":"http:\/\/www.podkamien.pl\/przyladek\/?page_id=290"},"modified":"2023-05-07T19:58:51","modified_gmt":"2023-05-07T17:58:51","slug":"sw-jan-nepomucen-w-trzebieszowicach","status":"publish","type":"page","link":"http:\/\/www.przyladekhistorii.pl\/index.php\/figury\/sw-jan-nepomucen-w-trzebieszowicach\/","title":{"rendered":"\u015aw. Jan Nepomucen w Trzebieszowicach"},"content":{"rendered":"<p style=\"text-align: justify;\"><span style=\"color: #000000;\">Przy drodze z Trzebieszowic do Skrzynki, na terenie okre\u015blanym jako dawny cmentarz choleryczny (kt\u00f3ry to teren najprawdopodobniej nie jest cmentarzem cholerycznym, gdy\u017c ten znajdowa\u0142 si\u0119 w innym miejscu) stoi figura Jana Nepomucena. Figura przy wycince drzewa utraci\u0142a g\u0142ow\u0119, ale z informacji uzyskanych dzisiaj od w\u0142a\u015bciciela terenu wynika, \u017ce wszystko zmierza do tego, i\u017c ju\u017c wkr\u00f3tce g\u0142owa wr\u00f3ci na swoje miejsce.<\/span><\/p>\n<p style=\"text-align: justify;\"><img loading=\"lazy\" class=\"aligncenter wp-image-282 size-full\" src=\"http:\/\/www.przyladekhistorii.pl\/wp-content\/uploads\/2018\/11\/figura1-2.jpg\" alt=\"\" width=\"600\" height=\"800\" srcset=\"http:\/\/www.przyladekhistorii.pl\/wp-content\/uploads\/2018\/11\/figura1-2.jpg 600w, http:\/\/www.przyladekhistorii.pl\/wp-content\/uploads\/2018\/11\/figura1-2-225x300.jpg 225w\" sizes=\"(max-width: 600px) 100vw, 600px\" \/><br \/>\n<span style=\"color: #000000;\">Jan Nepomucen ukazany jest w pozycji stoj\u0105cej, w r\u0119kach trzyma krucyfiks, a pod nim li\u015b\u0107 palmy, ubrany jest w sutann\u0119 z dziewi\u0119cioma guzikami, kom\u017c\u0119 z rze\u017abion\u0105 koronk\u0105 oraz rokiet\u0119 z kapturem ozdobion\u0105 fr\u0119dzlami. Autorem rze\u017aby by\u0142 Heinrich Klar, o czym \u015bwiadczy napis na bocznej \u015bcianie coko\u0142u (Heinrich Klar, bildha. Landeck), rze\u017aba zosta\u0142a wykonana na pocz\u0105tku XIX wieku (1803). W 1923 roku dokonano renowacji figury. Co ciekawe, Heinrich Klar najprawdopodobniej otrzyma\u0142 zlecenie na wykonanie jeszcze co najmniej jednej rze\u017aby &#8211; kamiennego krucyfiksu stoj\u0105cego przy mo\u015bcie \u017celaznym \u0142\u0105cz\u0105cym drog\u0119 wojew\u00f3dzk\u0105 nr 392 (odcinek \u017belazno &#8211; L\u0105dek-Zdr\u00f3j) z Zamkiem na Skale. Postumenty Jana Nepomucena i owego krucyfiksu s\u0105 jednakowe i oba wykonano w 1803 roku. <\/span><\/p>\n<p><img loading=\"lazy\" class=\"aligncenter wp-image-283 size-full\" src=\"http:\/\/www.przyladekhistorii.pl\/wp-content\/uploads\/2018\/11\/figura2-2.jpg\" alt=\"\" width=\"600\" height=\"800\" srcset=\"http:\/\/www.przyladekhistorii.pl\/wp-content\/uploads\/2018\/11\/figura2-2.jpg 600w, http:\/\/www.przyladekhistorii.pl\/wp-content\/uploads\/2018\/11\/figura2-2-225x300.jpg 225w\" sizes=\"(max-width: 600px) 100vw, 600px\" \/><\/p>\n<p style=\"text-align: justify;\"><span style=\"color: #000000;\">Niestety trudno na chwil\u0119 obecn\u0105 potwierdzi\u0107 t\u0119 hipotez\u0119, gdy\u017c krucyfiks pokryty jest niezliczonymi ilo\u015bciami warstw wapnia i farby. Interesuj\u0105ce jest to, \u017ce na mapie Trzebieszowic z 1882 roku nie jest naniesiony ani krzy\u017c, ani figura Nepomucena. Na mapach topograficznych z 1927 r. i 1938 r. pojawia si\u0119 jaka\u015b figura (lub krzy\u017c, na planie wszystkie obiekty sakralne zaznaczone s\u0105 tak samo) w miejscu obecnego Nepomucena. Czy\u017cby zar\u00f3wno krzy\u017c jak i figura Nepomucena zosta\u0142y ustawione na obecnych miejsca w p\u00f3\u017aniejszym okresie (przeniesione z innego miejsca?). Czy nast\u0105pi\u0142o to w okolicach daty renowacji figury?<\/span><\/p>\n<p><img loading=\"lazy\" class=\"aligncenter wp-image-288 size-full\" src=\"http:\/\/www.przyladekhistorii.pl\/wp-content\/uploads\/2018\/11\/figura7-2.jpg\" alt=\"\" width=\"600\" height=\"450\" srcset=\"http:\/\/www.przyladekhistorii.pl\/wp-content\/uploads\/2018\/11\/figura7-2.jpg 600w, http:\/\/www.przyladekhistorii.pl\/wp-content\/uploads\/2018\/11\/figura7-2-300x225.jpg 300w\" sizes=\"(max-width: 600px) 100vw, 600px\" \/><\/p>\n<p><span style=\"color: #000000;\"><strong>Miejscowo\u015b\u0107:<\/strong> Trzebieszowice<\/span><br \/>\n<span style=\"color: #000000;\"><strong>Fundator: <\/strong>[?]<\/span><br \/>\n<span style=\"color: #000000;\"><strong>Autor:<\/strong> Heinrich Klar<\/span><br \/>\n<span style=\"color: #000000;\"><strong>Data powstania:<\/strong> 1803 r.<\/span><\/p>\n<p style=\"text-align: center;\"><img loading=\"lazy\" class=\"aligncenter wp-image-287 size-full\" src=\"http:\/\/www.przyladekhistorii.pl\/wp-content\/uploads\/2018\/11\/figura6-2.jpg\" alt=\"\" width=\"600\" height=\"450\" srcset=\"http:\/\/www.przyladekhistorii.pl\/wp-content\/uploads\/2018\/11\/figura6-2.jpg 600w, http:\/\/www.przyladekhistorii.pl\/wp-content\/uploads\/2018\/11\/figura6-2-300x225.jpg 300w\" sizes=\"(max-width: 600px) 100vw, 600px\" \/><\/p>\n<p><img loading=\"lazy\" class=\"aligncenter wp-image-286 size-full\" src=\"http:\/\/www.przyladekhistorii.pl\/wp-content\/uploads\/2018\/11\/figura5-2.jpg\" alt=\"\" width=\"600\" height=\"800\" srcset=\"http:\/\/www.przyladekhistorii.pl\/wp-content\/uploads\/2018\/11\/figura5-2.jpg 600w, http:\/\/www.przyladekhistorii.pl\/wp-content\/uploads\/2018\/11\/figura5-2-225x300.jpg 225w\" sizes=\"(max-width: 600px) 100vw, 600px\" \/><\/p>\n<p><img loading=\"lazy\" class=\"aligncenter wp-image-285 size-full\" src=\"http:\/\/www.przyladekhistorii.pl\/wp-content\/uploads\/2018\/11\/figura4-2.jpg\" alt=\"\" width=\"600\" height=\"800\" srcset=\"http:\/\/www.przyladekhistorii.pl\/wp-content\/uploads\/2018\/11\/figura4-2.jpg 600w, http:\/\/www.przyladekhistorii.pl\/wp-content\/uploads\/2018\/11\/figura4-2-225x300.jpg 225w\" sizes=\"(max-width: 600px) 100vw, 600px\" \/><\/p>\n<p><img loading=\"lazy\" class=\"aligncenter wp-image-284 size-full\" src=\"http:\/\/www.przyladekhistorii.pl\/wp-content\/uploads\/2018\/11\/figura3-2.jpg\" alt=\"\" width=\"600\" height=\"800\" srcset=\"http:\/\/www.przyladekhistorii.pl\/wp-content\/uploads\/2018\/11\/figura3-2.jpg 600w, http:\/\/www.przyladekhistorii.pl\/wp-content\/uploads\/2018\/11\/figura3-2-225x300.jpg 225w\" sizes=\"(max-width: 600px) 100vw, 600px\" \/><\/p>\n<p><img loading=\"lazy\" class=\"aligncenter wp-image-289 size-full\" src=\"http:\/\/www.przyladekhistorii.pl\/wp-content\/uploads\/2018\/11\/figura8-2.jpg\" alt=\"\" width=\"600\" height=\"450\" srcset=\"http:\/\/www.przyladekhistorii.pl\/wp-content\/uploads\/2018\/11\/figura8-2.jpg 600w, http:\/\/www.przyladekhistorii.pl\/wp-content\/uploads\/2018\/11\/figura8-2-300x225.jpg 300w\" sizes=\"(max-width: 600px) 100vw, 600px\" \/><\/p>\n","protected":false},"excerpt":{"rendered":"<p>Przy drodze z Trzebieszowic do Skrzynki, na terenie okre\u015blanym jako dawny cmentarz choleryczny (kt\u00f3ry to teren najprawdopodobniej nie jest cmentarzem cholerycznym, gdy\u017c ten znajdowa\u0142 si\u0119 w innym miejscu) stoi figura Jana Nepomucena. Figura przy wycince drzewa utraci\u0142a g\u0142ow\u0119, ale z informacji uzyskanych dzisiaj od w\u0142a\u015bciciela terenu wynika, \u017ce wszystko zmierza do tego, i\u017c ju\u017c wkr\u00f3tce g\u0142owa wr\u00f3ci na swoje miejsce. Jan Nepomucen ukazany jest w pozycji stoj\u0105cej, w r\u0119kach trzyma krucyfiks, a pod nim li\u015b\u0107 palmy, ubrany jest w sutann\u0119&#8230;<\/p>\n<p class=\"read-more\"><a class=\"btn btn-default\" href=\"http:\/\/www.przyladekhistorii.pl\/index.php\/figury\/sw-jan-nepomucen-w-trzebieszowicach\/\"> Read More<span class=\"screen-reader-text\">  Read More<\/span><\/a><\/p>\n","protected":false},"author":1,"featured_media":282,"parent":24,"menu_order":0,"comment_status":"open","ping_status":"closed","template":"","meta":[],"_links":{"self":[{"href":"http:\/\/www.przyladekhistorii.pl\/index.php\/wp-json\/wp\/v2\/pages\/290"}],"collection":[{"href":"http:\/\/www.przyladekhistorii.pl\/index.php\/wp-json\/wp\/v2\/pages"}],"about":[{"href":"http:\/\/www.przyladekhistorii.pl\/index.php\/wp-json\/wp\/v2\/types\/page"}],"author":[{"embeddable":true,"href":"http:\/\/www.przyladekhistorii.pl\/index.php\/wp-json\/wp\/v2\/users\/1"}],"replies":[{"embeddable":true,"href":"http:\/\/www.przyladekhistorii.pl\/index.php\/wp-json\/wp\/v2\/comments?post=290"}],"version-history":[{"count":3,"href":"http:\/\/www.przyladekhistorii.pl\/index.php\/wp-json\/wp\/v2\/pages\/290\/revisions"}],"predecessor-version":[{"id":3500,"href":"http:\/\/www.przyladekhistorii.pl\/index.php\/wp-json\/wp\/v2\/pages\/290\/revisions\/3500"}],"up":[{"embeddable":true,"href":"http:\/\/www.przyladekhistorii.pl\/index.php\/wp-json\/wp\/v2\/pages\/24"}],"wp:featuredmedia":[{"embeddable":true,"href":"http:\/\/www.przyladekhistorii.pl\/index.php\/wp-json\/wp\/v2\/media\/282"}],"wp:attachment":[{"href":"http:\/\/www.przyladekhistorii.pl\/index.php\/wp-json\/wp\/v2\/media?parent=290"}],"curies":[{"name":"wp","href":"https:\/\/api.w.org\/{rel}","templated":true}]}}