{"id":3166,"date":"2022-08-08T20:55:58","date_gmt":"2022-08-08T18:55:58","guid":{"rendered":"http:\/\/www.przyladekhistorii.pl\/?page_id=3166"},"modified":"2022-08-08T21:08:06","modified_gmt":"2022-08-08T19:08:06","slug":"cmentarz-w-katach-bystrzyckich","status":"publish","type":"page","link":"http:\/\/www.przyladekhistorii.pl\/index.php\/cmentarz-w-katach-bystrzyckich\/","title":{"rendered":"Cmentarz w K\u0105tach Bystrzyckich"},"content":{"rendered":"<p style=\"text-align: justify;\">Ko\u015bci\u00f3\u0142 w K\u0105tach Bystrzyckich otacza kamienny mur z przyporami zbudowany na planie owalu, wewn\u0105trz kt\u00f3rego znajduje si\u0119 stary cmentarz. Wej\u015bcie na teren przyko\u015bcielny otwieraj\u0105 dwie bramy:<\/p>\n<ul>\n<li style=\"text-align: justify;\">wschodnia, barokowa, sklepiona \u0142ukiem, przy kt\u00f3rej stoi kamienny\u00a0krucyfiks\u00a0z 1865 r.<\/li>\n<li style=\"text-align: justify;\">zachodnia, z furtk\u0105 i schodkami, zaznaczona dwoma s\u0142upami, przed kt\u00f3r\u0105 umieszczona jest kapliczka w kszta\u0142cie groty z Madonn\u0105 R\u00f3\u017ca\u0144cow\u0105.<\/li>\n<\/ul>\n<figure id=\"attachment_3171\" aria-describedby=\"caption-attachment-3171\" style=\"width: 640px\" class=\"wp-caption aligncenter\"><img loading=\"lazy\" class=\"wp-image-3171 size-large\" src=\"http:\/\/www.przyladekhistorii.pl\/wp-content\/uploads\/2022\/08\/katy_bystrzyckie_3-1024x768.jpg\" alt=\"\" width=\"640\" height=\"480\" srcset=\"http:\/\/www.przyladekhistorii.pl\/wp-content\/uploads\/2022\/08\/katy_bystrzyckie_3-1024x768.jpg 1024w, http:\/\/www.przyladekhistorii.pl\/wp-content\/uploads\/2022\/08\/katy_bystrzyckie_3-300x225.jpg 300w, http:\/\/www.przyladekhistorii.pl\/wp-content\/uploads\/2022\/08\/katy_bystrzyckie_3-768x576.jpg 768w, http:\/\/www.przyladekhistorii.pl\/wp-content\/uploads\/2022\/08\/katy_bystrzyckie_3-360x270.jpg 360w, http:\/\/www.przyladekhistorii.pl\/wp-content\/uploads\/2022\/08\/katy_bystrzyckie_3.jpg 1200w\" sizes=\"(max-width: 640px) 100vw, 640px\" \/><figcaption id=\"caption-attachment-3171\" class=\"wp-caption-text\">Brama zachodnia prowadz\u0105ca na teren cmentarza w K\u0105tach Bystrzyckich<\/figcaption><\/figure>\n<p style=\"text-align: justify;\">Wej\u015bcie od wschodu okalaj\u0105 r\u00f3\u017cowo kwitn\u0105ce, drzewiaste g\u0142ogi. Na terenie przyko\u015bcielnym zachowa\u0142y si\u0119 w do\u015b\u0107 dobrym stanie, stare nagrobki dawnych, niemieckich mieszka\u0144c\u00f3w wsi oraz kilka z czas\u00f3w tu\u017c powojennych. Najstarsze z nich pochodz\u0105 z XIX w. Ro\u015bnie te\u017c kilka wysokich. Wewn\u0105trz mur\u00f3w, po p\u00f3\u0142nocnej stronie stoi ceglana cmentarna z po\u0142owy XIX w. z dwuspadowym dachem.<\/p>\n<p style=\"text-align: right;\">Tekst za Wikipedia.pl<\/p>\n\n","protected":false},"excerpt":{"rendered":"<p>Ko\u015bci\u00f3\u0142 w K\u0105tach Bystrzyckich otacza kamienny mur z przyporami zbudowany na planie owalu, wewn\u0105trz kt\u00f3rego znajduje si\u0119 stary cmentarz. Wej\u015bcie na teren przyko\u015bcielny otwieraj\u0105 dwie bramy: wschodnia, barokowa, sklepiona \u0142ukiem, przy kt\u00f3rej stoi kamienny\u00a0krucyfiks\u00a0z 1865 r. zachodnia, z furtk\u0105 i schodkami, zaznaczona dwoma s\u0142upami, przed kt\u00f3r\u0105 umieszczona jest kapliczka w kszta\u0142cie groty z Madonn\u0105 R\u00f3\u017ca\u0144cow\u0105. Wej\u015bcie od wschodu okalaj\u0105 r\u00f3\u017cowo kwitn\u0105ce, drzewiaste g\u0142ogi. Na terenie przyko\u015bcielnym zachowa\u0142y si\u0119 w do\u015b\u0107 dobrym stanie, stare nagrobki dawnych, niemieckich mieszka\u0144c\u00f3w wsi oraz kilka&#8230;<\/p>\n<p class=\"read-more\"><a class=\"btn btn-default\" href=\"http:\/\/www.przyladekhistorii.pl\/index.php\/cmentarz-w-katach-bystrzyckich\/\"> Read More<span class=\"screen-reader-text\">  Read More<\/span><\/a><\/p>\n","protected":false},"author":1,"featured_media":3173,"parent":0,"menu_order":0,"comment_status":"closed","ping_status":"closed","template":"","meta":[],"_links":{"self":[{"href":"http:\/\/www.przyladekhistorii.pl\/index.php\/wp-json\/wp\/v2\/pages\/3166"}],"collection":[{"href":"http:\/\/www.przyladekhistorii.pl\/index.php\/wp-json\/wp\/v2\/pages"}],"about":[{"href":"http:\/\/www.przyladekhistorii.pl\/index.php\/wp-json\/wp\/v2\/types\/page"}],"author":[{"embeddable":true,"href":"http:\/\/www.przyladekhistorii.pl\/index.php\/wp-json\/wp\/v2\/users\/1"}],"replies":[{"embeddable":true,"href":"http:\/\/www.przyladekhistorii.pl\/index.php\/wp-json\/wp\/v2\/comments?post=3166"}],"version-history":[{"count":7,"href":"http:\/\/www.przyladekhistorii.pl\/index.php\/wp-json\/wp\/v2\/pages\/3166\/revisions"}],"predecessor-version":[{"id":3278,"href":"http:\/\/www.przyladekhistorii.pl\/index.php\/wp-json\/wp\/v2\/pages\/3166\/revisions\/3278"}],"wp:featuredmedia":[{"embeddable":true,"href":"http:\/\/www.przyladekhistorii.pl\/index.php\/wp-json\/wp\/v2\/media\/3173"}],"wp:attachment":[{"href":"http:\/\/www.przyladekhistorii.pl\/index.php\/wp-json\/wp\/v2\/media?parent=3166"}],"curies":[{"name":"wp","href":"https:\/\/api.w.org\/{rel}","templated":true}]}}