{"id":347,"date":"2018-11-10T11:08:22","date_gmt":"2018-11-10T10:08:22","guid":{"rendered":"http:\/\/www.podkamien.pl\/przyladek\/?page_id=347"},"modified":"2023-05-07T19:48:17","modified_gmt":"2023-05-07T17:48:17","slug":"sw-jakub-starszy-apostol","status":"publish","type":"page","link":"http:\/\/www.przyladekhistorii.pl\/index.php\/figury\/sw-jakub-starszy-apostol\/","title":{"rendered":"\u015aw. Jakub Starszy (Aposto\u0142)"},"content":{"rendered":"<p style=\"text-align: justify;\"><span style=\"color: #000000;\">Na polu w Trzebieszowicach sta\u0142a figura Matki Boskiej z Dzieci\u0105tkiem. Obiekt ten nie wzbudza\u0142 chyba wi\u0119kszego zainteresowania, bo nie uda\u0142o mi si\u0119 dotrze\u0107 do jakichkolwiek jego opis\u00f3w, nie wspominaj\u0105c ju\u017c o dokumentacji fotograficznej. U\u017cy\u0142em wobec tej figury czasu przesz\u0142ego, gdy\u017c spadaj\u0105ce drzewa w znacznym stopniu figur\u0119 uszkodzi\u0142y (rozbi\u0142y). Dzi\u015b mo\u017cemy ogl\u0105da\u0107 ju\u017c tylko postument z figury, kt\u00f3ry ustawiono na trawniku przy ulicy Spacerowej 7 w L\u0105dku-Zdroju. Oczekuje tam na renowacj\u0119, a zw\u0142aszcza na fundusze niezb\u0119dne, aby przywr\u00f3ci\u0107 j\u0105 do pierwotnego stanu.<\/span><\/p>\n<p style=\"text-align: justify;\"><img loading=\"lazy\" class=\"aligncenter wp-image-348 size-full\" src=\"http:\/\/www.przyladekhistorii.pl\/wp-content\/uploads\/2018\/11\/figura8-1-1.jpg\" alt=\"\" width=\"600\" height=\"800\" srcset=\"http:\/\/www.przyladekhistorii.pl\/wp-content\/uploads\/2018\/11\/figura8-1-1.jpg 600w, http:\/\/www.przyladekhistorii.pl\/wp-content\/uploads\/2018\/11\/figura8-1-1-225x300.jpg 225w\" sizes=\"(max-width: 600px) 100vw, 600px\" \/><br \/>\n<span style=\"color: #000000;\">Figura przedstawia\u0142a Matk\u0119 Bosk\u0105 z Dzieci\u0105tkiem, natomiast na postumencie przedstawiony zosta\u0142 w formie p\u0142askorze\u017aby \u015awi\u0119ty Jakub Starszy (Aposto\u0142).<\/span><br \/>\n<span style=\"color: #000000;\">\u015aw. Jakub jest wspomniany w Dziejach Apostolskich dwukrotnie. Po raz pierwszy na li\u015bcie Aposto\u0142\u00f3w oraz przy wzmiance o jego \u015bmierci. Jakub stracony zosta\u0142 poprzez \u015bci\u0119cie w wi\u0119zieniu na polecenie Heroda Agrypp\u0119 II w 44 r. By\u0142 pierwszym w\u015br\u00f3d Aposto\u0142\u00f3w m\u0119czennikiem Ko\u015bcio\u0142a.<\/span><br \/>\n<span style=\"color: #000000;\">Legenda g\u0142osi, \u017ce \u015bw. Jakub po zes\u0142aniu Ducha \u015awi\u0119tego uda\u0142 si\u0119 do Hiszpanii, aby g\u0142osi\u0107 tam Dobr\u0105 Nowin\u0119. Do dzi\u015b zreszt\u0105 jest pierwszym patronem dw\u00f3ch pa\u0144stw z P\u00f3\u0142wyspu Iberyjskiego. Jego gr\u00f3b znajduje si\u0119 w Santiago de Compostela, kt\u00f3re sta\u0142o si\u0119 trzecim (po Rzymie i Ziemi \u015awi\u0119tej) sanktuarium chrze\u015bcija\u0144stwa. Cia\u0142o \u015bw. Jakuba zosta\u0142o tam przeniesione w VII wieku z Jerozolimy (by\u0142 pierwszym biskupem Jerozolimy)<\/span><br \/>\n<span style=\"color: #000000;\">W \u015bredniowieczu istnia\u0142 szeroki ruch pielgrzymkowy do grobu \u015bwi\u0119tego. Jedna z odn\u00f3g Drogi \u015bw. Jakuba wiod\u0142a te\u017c przez Ziemi\u0119 K\u0142odzk\u0105.<\/span><\/p>\n<p style=\"text-align: justify;\"><img loading=\"lazy\" class=\"aligncenter wp-image-349 size-full\" src=\"http:\/\/www.przyladekhistorii.pl\/wp-content\/uploads\/2018\/11\/figura8-2-1.jpg\" alt=\"\" width=\"600\" height=\"800\" srcset=\"http:\/\/www.przyladekhistorii.pl\/wp-content\/uploads\/2018\/11\/figura8-2-1.jpg 600w, http:\/\/www.przyladekhistorii.pl\/wp-content\/uploads\/2018\/11\/figura8-2-1-225x300.jpg 225w\" sizes=\"(max-width: 600px) 100vw, 600px\" \/><br \/>\n<span style=\"color: #000000;\">\u015awi\u0119ty jest patronem hospicj\u00f3w, szpitali, pielgrzym\u00f3w, sierot, robotnik\u00f3w i zakon\u00f3w rycerskich. Przedstawiany jest najcz\u0119\u015bciej z kijem pielgrzyma, ksi\u0119g\u0105 oraz kapeluszem. Na szacie bardzo cz\u0119sto umieszczon\u0105 ma muszl\u0119 przegrzebka, tzw. muszl\u0119 \u015bw. Jakuba. Pierwotnie by\u0142a ona symbolem uko\u0144czonej pielgrzymki, obecnie jest znakiem rozpoznawczym pielgrzym\u00f3w w drodze do Santiago.<\/span><br \/>\n<span style=\"color: #000000;\">Posta\u0107 na p\u0142askorze\u017abie z trzebieszowickiego postumentu trzyma, przyci\u015bni\u0119t\u0105 do piersi praw\u0105 r\u0119k\u0105, ksi\u0119g\u0119 oraz kij. Na plecach wida\u0107 zawieszony kapelusz. Na prawej piersi dostrzec mo\u017cna natomiast muszl\u0119 przegrzebka, co wskazuje w zasadzie jednoznacznie na posta\u0107 \u015bw. Jakub Starszego. Zachowa\u0142 si\u0119 cz\u0119\u015bciowo napis identyfikuj\u0105cy fundatora figury &#8211; <\/span><\/p>\n<blockquote>\n<p style=\"text-align: center;\"><span style=\"color: #000000;\"><strong>&#8220;Erbaut \/ von \/ Franz Kar[&#8230;]&#8221;.<\/strong> <\/span><\/p>\n<\/blockquote>\n<p style=\"text-align: justify;\"><span style=\"color: #000000;\">By\u0107 mo\u017ce uda si\u0119 nazwisko odczyta\u0107 w pe\u0142nym brzmieniu, co przybli\u017cy nas do odpowiedzi kiedy owa figura zosta\u0142a wystawiona.<\/span><\/p>\n<p><img loading=\"lazy\" class=\"aligncenter wp-image-350 size-full\" src=\"http:\/\/www.przyladekhistorii.pl\/wp-content\/uploads\/2018\/11\/figura8-3-1.jpg\" alt=\"\" width=\"600\" height=\"450\" srcset=\"http:\/\/www.przyladekhistorii.pl\/wp-content\/uploads\/2018\/11\/figura8-3-1.jpg 600w, http:\/\/www.przyladekhistorii.pl\/wp-content\/uploads\/2018\/11\/figura8-3-1-300x225.jpg 300w\" sizes=\"(max-width: 600px) 100vw, 600px\" \/><\/p>\n<p><span style=\"color: #000000;\"><strong>Miejscowo\u015b\u0107:<\/strong> Trzebieszowice (ob. L\u0105dek-Zdr\u00f3j)<\/span><br \/>\n<span style=\"color: #000000;\"><strong>Fundator: <\/strong>Franz Kar[&#8230;]<\/span><br \/>\n<span style=\"color: #000000;\"><strong>Autor:<\/strong> [?]<\/span><br \/>\n<span style=\"color: #000000;\"><strong>Data powstania:<\/strong> [?] r.<\/span><\/p>\n","protected":false},"excerpt":{"rendered":"<p>Na polu w Trzebieszowicach sta\u0142a figura Matki Boskiej z Dzieci\u0105tkiem. Obiekt ten nie wzbudza\u0142 chyba wi\u0119kszego zainteresowania, bo nie uda\u0142o mi si\u0119 dotrze\u0107 do jakichkolwiek jego opis\u00f3w, nie wspominaj\u0105c ju\u017c o dokumentacji fotograficznej. U\u017cy\u0142em wobec tej figury czasu przesz\u0142ego, gdy\u017c spadaj\u0105ce drzewa w znacznym stopniu figur\u0119 uszkodzi\u0142y (rozbi\u0142y). Dzi\u015b mo\u017cemy ogl\u0105da\u0107 ju\u017c tylko postument z figury, kt\u00f3ry ustawiono na trawniku przy ulicy Spacerowej 7 w L\u0105dku-Zdroju. Oczekuje tam na renowacj\u0119, a zw\u0142aszcza na fundusze niezb\u0119dne, aby przywr\u00f3ci\u0107 j\u0105 do pierwotnego&#8230;<\/p>\n<p class=\"read-more\"><a class=\"btn btn-default\" href=\"http:\/\/www.przyladekhistorii.pl\/index.php\/figury\/sw-jakub-starszy-apostol\/\"> Read More<span class=\"screen-reader-text\">  Read More<\/span><\/a><\/p>\n","protected":false},"author":1,"featured_media":348,"parent":24,"menu_order":0,"comment_status":"open","ping_status":"closed","template":"","meta":[],"_links":{"self":[{"href":"http:\/\/www.przyladekhistorii.pl\/index.php\/wp-json\/wp\/v2\/pages\/347"}],"collection":[{"href":"http:\/\/www.przyladekhistorii.pl\/index.php\/wp-json\/wp\/v2\/pages"}],"about":[{"href":"http:\/\/www.przyladekhistorii.pl\/index.php\/wp-json\/wp\/v2\/types\/page"}],"author":[{"embeddable":true,"href":"http:\/\/www.przyladekhistorii.pl\/index.php\/wp-json\/wp\/v2\/users\/1"}],"replies":[{"embeddable":true,"href":"http:\/\/www.przyladekhistorii.pl\/index.php\/wp-json\/wp\/v2\/comments?post=347"}],"version-history":[{"count":2,"href":"http:\/\/www.przyladekhistorii.pl\/index.php\/wp-json\/wp\/v2\/pages\/347\/revisions"}],"predecessor-version":[{"id":3493,"href":"http:\/\/www.przyladekhistorii.pl\/index.php\/wp-json\/wp\/v2\/pages\/347\/revisions\/3493"}],"up":[{"embeddable":true,"href":"http:\/\/www.przyladekhistorii.pl\/index.php\/wp-json\/wp\/v2\/pages\/24"}],"wp:featuredmedia":[{"embeddable":true,"href":"http:\/\/www.przyladekhistorii.pl\/index.php\/wp-json\/wp\/v2\/media\/348"}],"wp:attachment":[{"href":"http:\/\/www.przyladekhistorii.pl\/index.php\/wp-json\/wp\/v2\/media?parent=347"}],"curies":[{"name":"wp","href":"https:\/\/api.w.org\/{rel}","templated":true}]}}