{"id":486,"date":"2018-12-22T09:57:11","date_gmt":"2018-12-22T08:57:11","guid":{"rendered":"http:\/\/www.przyladekhistorii.pl\/?page_id=486"},"modified":"2023-05-03T15:41:12","modified_gmt":"2023-05-03T13:41:12","slug":"leo-richter","status":"publish","type":"page","link":"http:\/\/www.przyladekhistorii.pl\/index.php\/cmentarz-parafialny\/leo-richter\/","title":{"rendered":"Leo Richter"},"content":{"rendered":"<p style=\"text-align: justify;\">RICHTER LEO (11.10.1888 L\u0105dek-Zdr\u00f3j &#8211; 28.10.1958 L\u0105dek-Zdr\u00f3j), bratanek Hieronymusa Richtera, malarz i konserwator dzie\u0142 sztuki w L\u0105dku Zdroju. Kwalifikacje zawodowe zdobywa\u0142 w warsztatach artystyczno-konserwatorski<wbr \/>ch w Regensburgu i Monachium. W Monachium studiowa\u0142 te\u017c w Kr\u00f3lewskiej Szkole Rzemios\u0142 Artystycznych (KK), dokszta\u0142caj\u0105c si\u0119 w pracowniach miejscowych artyst\u00f3w.<br \/>\nW L\u0105dku Zdroju za\u0142o\u017cy\u0142 pracowni\u0119, zajmuj\u0105c si\u0119 malarstwem dekoracyjnym, malowaniem ko\u015bcio\u0142\u00f3w, poz\u0142otnictwem oraz konserwacj\u0105 malarstwa i rze\u017aby. W tym zakresie wykonywa\u0142 prace w wielu ko\u015bcio\u0142ach, m. in. w Trzebnicy, Krzeszowie i czeskim Broumowie.<br \/>\nNa Ziemi K\u0142odzkiej m.in. wesp\u00f3\u0142 z rze\u017abiarzem Franzem Wagnerem przeprowadzi\u0142 renowacj\u0119 (1926) gotyckiej rze\u017aby Matki Boskiej z Dzieci\u0105tkiem w ko\u015bciele parafialnym \u015aw. Micha\u0142a w Bystrzycy K\u0142odzkiej, odnawia\u0142 (1932-1934) polichromie o\u0142tarzy Dzieci\u0105tka Jezus i \u015bw. Anny, ambony, nastawy chrzcielnicy, krzy\u017ca procesyjnego oraz rze\u017ab \u015bw. Floriana i \u015bw. Jana Nepomucena w Domaszkowie, a tak\u017ce polichromi\u0119 o\u0142tarza \u015bw. Anny w ko\u015bciele w Roztokach (1937).<br \/>\nMalowa\u0142 g\u0142\u00f3wnie obrazy religijne, tak\u017ce pejza\u017ce, portrety i martwe natury. By\u0142 cz\u0142onkiem K\u0142odzkiej Grupy Artystycznej (KVGH).<\/p>\n<p>Na podstawie: Sakwerda Jan &#8211; Arty\u015bci Ziemi K\u0142odzkiej i z Ziemi\u0105 K\u0142odzk\u0105 zwi\u0105zani w latach 1800 &#8211; 1945. Leksykon. Tom II L-Z.<\/p>\n<p><img loading=\"lazy\" class=\"aligncenter wp-image-488 size-full\" src=\"http:\/\/www.przyladekhistorii.pl\/wp-content\/uploads\/2018\/12\/Richter-Leo.jpg\" alt=\"\" width=\"1072\" height=\"1920\" srcset=\"http:\/\/www.przyladekhistorii.pl\/wp-content\/uploads\/2018\/12\/Richter-Leo.jpg 1072w, http:\/\/www.przyladekhistorii.pl\/wp-content\/uploads\/2018\/12\/Richter-Leo-168x300.jpg 168w, http:\/\/www.przyladekhistorii.pl\/wp-content\/uploads\/2018\/12\/Richter-Leo-768x1376.jpg 768w, http:\/\/www.przyladekhistorii.pl\/wp-content\/uploads\/2018\/12\/Richter-Leo-572x1024.jpg 572w, http:\/\/www.przyladekhistorii.pl\/wp-content\/uploads\/2018\/12\/Richter-Leo-151x270.jpg 151w\" sizes=\"(max-width: 1072px) 100vw, 1072px\" \/><\/p>\n","protected":false},"excerpt":{"rendered":"<p>RICHTER LEO (11.10.1888 L\u0105dek-Zdr\u00f3j &#8211; 28.10.1958 L\u0105dek-Zdr\u00f3j), bratanek Hieronymusa Richtera, malarz i konserwator dzie\u0142 sztuki w L\u0105dku Zdroju. Kwalifikacje zawodowe zdobywa\u0142 w warsztatach artystyczno-konserwatorskich w Regensburgu i Monachium. W Monachium studiowa\u0142 te\u017c w Kr\u00f3lewskiej Szkole Rzemios\u0142 Artystycznych (KK), dokszta\u0142caj\u0105c si\u0119 w pracowniach miejscowych artyst\u00f3w. W L\u0105dku Zdroju za\u0142o\u017cy\u0142 pracowni\u0119, zajmuj\u0105c si\u0119 malarstwem dekoracyjnym, malowaniem ko\u015bcio\u0142\u00f3w, poz\u0142otnictwem oraz konserwacj\u0105 malarstwa i rze\u017aby. W tym zakresie wykonywa\u0142 prace w wielu ko\u015bcio\u0142ach, m. in. w Trzebnicy, Krzeszowie i czeskim Broumowie. Na Ziemi K\u0142odzkiej&#8230;<\/p>\n<p class=\"read-more\"><a class=\"btn btn-default\" href=\"http:\/\/www.przyladekhistorii.pl\/index.php\/cmentarz-parafialny\/leo-richter\/\"> Read More<span class=\"screen-reader-text\">  Read More<\/span><\/a><\/p>\n","protected":false},"author":1,"featured_media":488,"parent":437,"menu_order":0,"comment_status":"closed","ping_status":"closed","template":"","meta":[],"_links":{"self":[{"href":"http:\/\/www.przyladekhistorii.pl\/index.php\/wp-json\/wp\/v2\/pages\/486"}],"collection":[{"href":"http:\/\/www.przyladekhistorii.pl\/index.php\/wp-json\/wp\/v2\/pages"}],"about":[{"href":"http:\/\/www.przyladekhistorii.pl\/index.php\/wp-json\/wp\/v2\/types\/page"}],"author":[{"embeddable":true,"href":"http:\/\/www.przyladekhistorii.pl\/index.php\/wp-json\/wp\/v2\/users\/1"}],"replies":[{"embeddable":true,"href":"http:\/\/www.przyladekhistorii.pl\/index.php\/wp-json\/wp\/v2\/comments?post=486"}],"version-history":[{"count":4,"href":"http:\/\/www.przyladekhistorii.pl\/index.php\/wp-json\/wp\/v2\/pages\/486\/revisions"}],"predecessor-version":[{"id":3457,"href":"http:\/\/www.przyladekhistorii.pl\/index.php\/wp-json\/wp\/v2\/pages\/486\/revisions\/3457"}],"up":[{"embeddable":true,"href":"http:\/\/www.przyladekhistorii.pl\/index.php\/wp-json\/wp\/v2\/pages\/437"}],"wp:featuredmedia":[{"embeddable":true,"href":"http:\/\/www.przyladekhistorii.pl\/index.php\/wp-json\/wp\/v2\/media\/488"}],"wp:attachment":[{"href":"http:\/\/www.przyladekhistorii.pl\/index.php\/wp-json\/wp\/v2\/media?parent=486"}],"curies":[{"name":"wp","href":"https:\/\/api.w.org\/{rel}","templated":true}]}}