{"id":1102,"date":"2019-05-26T11:51:54","date_gmt":"2019-05-26T09:51:54","guid":{"rendered":"http:\/\/www.przyladekhistorii.pl\/?page_id=1102"},"modified":"2019-05-26T11:52:11","modified_gmt":"2019-05-26T09:52:11","slug":"mechanizm-zegara-z-wiezy-kosciola-ewangelickiego","status":"publish","type":"page","link":"https:\/\/www.przyladekhistorii.pl\/index.php\/mechanizm-zegara-z-wiezy-kosciola-ewangelickiego\/","title":{"rendered":"Mechanizm zegara z wie\u017cy ko\u015bcio\u0142a ewangelickiego"},"content":{"rendered":"<p style=\"text-align: justify;\">Kolejna z rzeczy, kt\u00f3re poszukujemy. Kolejna i zapewne, niestety, nie ostatnia. Tym razem poszukujemy mechanizmu zegarowego z wie\u017cy ko\u015bcio\u0142a ewangelickiego. Mechanizm pochodzi najprawdopodobniej z pocz\u0105tku XX wieku. Nap\u0119dza\u0142 zegar z pewno\u015bci\u0105 do ko\u0144ca wojny. Po 1945 roku zosta\u0142 zdemontowany i przeniesiony do parku, gdzie zamontowano go jako mechanizm zegara kwiatowego. Do niedawna s\u0105dzi\u0142em, \u017ce by\u0142 tam umieszczony do ostatniego kapitalnego remontu parku (2010-2011), ale po wymianie korespondencji z Ratuszem okaza\u0142 si\u0119, \u017ce mechanizm zosta\u0142 usuni\u0119ty z parku w latach 1983-85 i zdeponowany z magazynach \u00f3wczesnego ZBK. Stamt\u0105d wydobyto go podobno pod koniec lat 80-tych i przeniesiono do MGOK-u (dzisiejszego CKiR-u) celem remontu i umieszczenia w muzeum balneologicznym. Tu trop si\u0119 urywa, bo w CKiR nic na ten temat nie wiedz\u0105. Takich informacji nie maj\u0105 nawet byli ju\u017c pracownicy Centrum Kultury i Rekreacji. Mo\u017ce Wy macie jakie\u015b informacje i pomo\u017cecie?<\/p>\n<figure id=\"attachment_1097\" aria-describedby=\"caption-attachment-1097\" style=\"width: 1200px\" class=\"wp-caption alignnone\"><img loading=\"lazy\" class=\"wp-image-1097 size-full\" src=\"http:\/\/www.przyladekhistorii.pl\/wp-content\/uploads\/2019\/05\/zegar-kwiatowy-01.jpg\" alt=\"\" width=\"1200\" height=\"900\" srcset=\"https:\/\/www.przyladekhistorii.pl\/wp-content\/uploads\/2019\/05\/zegar-kwiatowy-01.jpg 1200w, https:\/\/www.przyladekhistorii.pl\/wp-content\/uploads\/2019\/05\/zegar-kwiatowy-01-300x225.jpg 300w, https:\/\/www.przyladekhistorii.pl\/wp-content\/uploads\/2019\/05\/zegar-kwiatowy-01-768x576.jpg 768w, https:\/\/www.przyladekhistorii.pl\/wp-content\/uploads\/2019\/05\/zegar-kwiatowy-01-1024x768.jpg 1024w, https:\/\/www.przyladekhistorii.pl\/wp-content\/uploads\/2019\/05\/zegar-kwiatowy-01-360x270.jpg 360w\" sizes=\"(max-width: 1200px) 100vw, 1200px\" \/><figcaption id=\"caption-attachment-1097\" class=\"wp-caption-text\">Pozosta\u0142o\u015bci po zegarze na wie\u017cy ko\u015bcio\u0142a ewangelickiego. Zdj\u0119cie ze zbior\u00f3w w\u0142asnych.<\/figcaption><\/figure>\n<p>&nbsp;<\/p>\n","protected":false},"excerpt":{"rendered":"<p>Kolejna z rzeczy, kt\u00f3re poszukujemy. Kolejna i zapewne, niestety, nie ostatnia. Tym razem poszukujemy mechanizmu zegarowego z wie\u017cy ko\u015bcio\u0142a ewangelickiego. Mechanizm pochodzi najprawdopodobniej z pocz\u0105tku XX wieku. Nap\u0119dza\u0142 zegar z pewno\u015bci\u0105 do ko\u0144ca wojny. Po 1945 roku zosta\u0142 zdemontowany i przeniesiony do parku, gdzie zamontowano go jako mechanizm zegara kwiatowego. Do niedawna s\u0105dzi\u0142em, \u017ce by\u0142 tam umieszczony do ostatniego kapitalnego remontu parku (2010-2011), ale po wymianie korespondencji z Ratuszem okaza\u0142 si\u0119, \u017ce mechanizm zosta\u0142 usuni\u0119ty z parku w latach 1983-85&#8230;<\/p>\n<p class=\"read-more\"><a class=\"btn btn-default\" href=\"https:\/\/www.przyladekhistorii.pl\/index.php\/mechanizm-zegara-z-wiezy-kosciola-ewangelickiego\/\"> Read More<span class=\"screen-reader-text\">  Read More<\/span><\/a><\/p>\n","protected":false},"author":1,"featured_media":1098,"parent":0,"menu_order":0,"comment_status":"closed","ping_status":"closed","template":"","meta":[],"_links":{"self":[{"href":"https:\/\/www.przyladekhistorii.pl\/index.php\/wp-json\/wp\/v2\/pages\/1102"}],"collection":[{"href":"https:\/\/www.przyladekhistorii.pl\/index.php\/wp-json\/wp\/v2\/pages"}],"about":[{"href":"https:\/\/www.przyladekhistorii.pl\/index.php\/wp-json\/wp\/v2\/types\/page"}],"author":[{"embeddable":true,"href":"https:\/\/www.przyladekhistorii.pl\/index.php\/wp-json\/wp\/v2\/users\/1"}],"replies":[{"embeddable":true,"href":"https:\/\/www.przyladekhistorii.pl\/index.php\/wp-json\/wp\/v2\/comments?post=1102"}],"version-history":[{"count":1,"href":"https:\/\/www.przyladekhistorii.pl\/index.php\/wp-json\/wp\/v2\/pages\/1102\/revisions"}],"predecessor-version":[{"id":1103,"href":"https:\/\/www.przyladekhistorii.pl\/index.php\/wp-json\/wp\/v2\/pages\/1102\/revisions\/1103"}],"wp:featuredmedia":[{"embeddable":true,"href":"https:\/\/www.przyladekhistorii.pl\/index.php\/wp-json\/wp\/v2\/media\/1098"}],"wp:attachment":[{"href":"https:\/\/www.przyladekhistorii.pl\/index.php\/wp-json\/wp\/v2\/media?parent=1102"}],"curies":[{"name":"wp","href":"https:\/\/api.w.org\/{rel}","templated":true}]}}