{"id":1234,"date":"2019-08-17T11:20:36","date_gmt":"2019-08-17T09:20:36","guid":{"rendered":"http:\/\/www.przyladekhistorii.pl\/?page_id=1234"},"modified":"2019-08-17T11:21:16","modified_gmt":"2019-08-17T09:21:16","slug":"1234-2","status":"publish","type":"page","link":"https:\/\/www.przyladekhistorii.pl\/index.php\/1234-2\/","title":{"rendered":"Indeksacja cmentarza parafialnego"},"content":{"rendered":"<figure id=\"attachment_1235\" aria-describedby=\"caption-attachment-1235\" style=\"width: 800px\" class=\"wp-caption aligncenter\"><img loading=\"lazy\" class=\"wp-image-1235 size-full\" src=\"http:\/\/www.przyladekhistorii.pl\/wp-content\/uploads\/2019\/08\/Cmentarz-parafialny.jpg\" alt=\"\" width=\"800\" height=\"600\" srcset=\"https:\/\/www.przyladekhistorii.pl\/wp-content\/uploads\/2019\/08\/Cmentarz-parafialny.jpg 800w, https:\/\/www.przyladekhistorii.pl\/wp-content\/uploads\/2019\/08\/Cmentarz-parafialny-300x225.jpg 300w, https:\/\/www.przyladekhistorii.pl\/wp-content\/uploads\/2019\/08\/Cmentarz-parafialny-768x576.jpg 768w, https:\/\/www.przyladekhistorii.pl\/wp-content\/uploads\/2019\/08\/Cmentarz-parafialny-360x270.jpg 360w\" sizes=\"(max-width: 800px) 100vw, 800px\" \/><figcaption id=\"caption-attachment-1235\" class=\"wp-caption-text\">Cmentarz parafialny<\/figcaption><\/figure>\n<p style=\"text-align: justify;\">Warto przekuwa\u0107 s\u0142owa na czyny. W czerwcu 2019 roku zobowi\u0105zali\u015bmy si\u0119, jako L\u0105deckie Towarzystwo Historyczno-Eksploracyjne, do zindeksowania cmentarza parafialnego w L\u0105dku-Zdroju i stworzenia prostej wyszukiwarki os\u00f3b na tym cmentarzu pochowanych.<\/p>\n<p style=\"text-align: justify;\">Stworzony w ten spos\u00f3b wykaz, podobnie jak w przypadku zindeksowanego wcze\u015bniej cmentarza komunalnego, zawiera nazwisko oraz imi\u0119 osoby zmar\u0142ej, daty (o ile by\u0142y zamieszczone na nagrobku) oraz sektor w kt\u00f3rym znajduje si\u0119 gr\u00f3b. Nie ma natomiast zdj\u0119\u0107 grob\u00f3w.<\/p>\n<p style=\"text-align: justify;\">W wykaz<span class=\"text_exposed_show\">ie nie ma oczywi\u015bcie grob\u00f3w bezimiennych, kt\u00f3rych jest na cmentarzu parafialnym kilkadziesi\u0105t.<br \/>\nWykaz i wyszukiwarka najlepiej dzia\u0142aj\u0105 na laptopach czy komputerach stacjonarnych, nadal s\u0105 problemy z jej wy\u015bwietlaniem na urz\u0105dzeniach mobilnych.<br \/>\nEwentualne uwagi, poprawki (z g\u00f3ry przepraszamy za ewentualne b\u0142\u0119dy w odczytaniu danych z nagrobka) prosimy zamieszcza\u0107 w komentarzu lub podsy\u0142a\u0107 mailowo na adres Stowarzyszenia.<\/span><\/p>\n<div class=\"text_exposed_show\">\n<p style=\"text-align: justify;\"><a href=\"http:\/\/www.przyladekhistorii.pl\/index.php\/cmentarz-parafialny\/?fbclid=IwAR093chDiN4Lq9Mgb12A_Hrue46fNbdGW4on-fiQzatIxQy2qsNX8ZuhFGc\" target=\"_blank\" rel=\"nofollow noopener\" data-lynx-mode=\"origin\" data-ft=\"{&quot;tn&quot;:&quot;-U&quot;}\" data-lynx-uri=\"https:\/\/l.facebook.com\/l.php?u=http%3A%2F%2Fwww.przyladekhistorii.pl%2Findex.php%2Fcmentarz-parafialny%2F%3Ffbclid%3DIwAR093chDiN4Lq9Mgb12A_Hrue46fNbdGW4on-fiQzatIxQy2qsNX8ZuhFGc&amp;h=AT3CkfQKCoqJyamfFgHWWQQsu1LLj0HMmZUR-D0XYTZlFDF5ttVLlSZB7SnFa5D2aEKyQyZlqWgEx4u7eDdFj_nohrKGrSWsMH-Etku0tXTe4p-Wx9YiDolkIp81LD3ZO7cb8r6TcoH8BeM2QmIw5wWuZs4n\">www.przyladekhistorii.pl\/index.php\/cmentarz-parafialny\/<\/a><\/p>\n<\/div>\n","protected":false},"excerpt":{"rendered":"<p>Warto przekuwa\u0107 s\u0142owa na czyny. W czerwcu 2019 roku zobowi\u0105zali\u015bmy si\u0119, jako L\u0105deckie Towarzystwo Historyczno-Eksploracyjne, do zindeksowania cmentarza parafialnego w L\u0105dku-Zdroju i stworzenia prostej wyszukiwarki os\u00f3b na tym cmentarzu pochowanych. Stworzony w ten spos\u00f3b wykaz, podobnie jak w przypadku zindeksowanego wcze\u015bniej cmentarza komunalnego, zawiera nazwisko oraz imi\u0119 osoby zmar\u0142ej, daty (o ile by\u0142y zamieszczone na nagrobku) oraz sektor w kt\u00f3rym znajduje si\u0119 gr\u00f3b. Nie ma natomiast zdj\u0119\u0107 grob\u00f3w. W wykazie nie ma oczywi\u015bcie grob\u00f3w bezimiennych, kt\u00f3rych jest na cmentarzu parafialnym&#8230;<\/p>\n<p class=\"read-more\"><a class=\"btn btn-default\" href=\"https:\/\/www.przyladekhistorii.pl\/index.php\/1234-2\/\"> Read More<span class=\"screen-reader-text\">  Read More<\/span><\/a><\/p>\n","protected":false},"author":1,"featured_media":0,"parent":0,"menu_order":0,"comment_status":"open","ping_status":"open","template":"","meta":[],"_links":{"self":[{"href":"https:\/\/www.przyladekhistorii.pl\/index.php\/wp-json\/wp\/v2\/pages\/1234"}],"collection":[{"href":"https:\/\/www.przyladekhistorii.pl\/index.php\/wp-json\/wp\/v2\/pages"}],"about":[{"href":"https:\/\/www.przyladekhistorii.pl\/index.php\/wp-json\/wp\/v2\/types\/page"}],"author":[{"embeddable":true,"href":"https:\/\/www.przyladekhistorii.pl\/index.php\/wp-json\/wp\/v2\/users\/1"}],"replies":[{"embeddable":true,"href":"https:\/\/www.przyladekhistorii.pl\/index.php\/wp-json\/wp\/v2\/comments?post=1234"}],"version-history":[{"count":2,"href":"https:\/\/www.przyladekhistorii.pl\/index.php\/wp-json\/wp\/v2\/pages\/1234\/revisions"}],"predecessor-version":[{"id":1237,"href":"https:\/\/www.przyladekhistorii.pl\/index.php\/wp-json\/wp\/v2\/pages\/1234\/revisions\/1237"}],"wp:attachment":[{"href":"https:\/\/www.przyladekhistorii.pl\/index.php\/wp-json\/wp\/v2\/media?parent=1234"}],"curies":[{"name":"wp","href":"https:\/\/api.w.org\/{rel}","templated":true}]}}